 what is 2211 - 0?
2211
In base 8, what is -10 - -643?
633
In base 12, what is -2 - 525?
-527
In base 6, what is 3 + 21104?
21111
In base 3, what is 10 + 1010?
1020
In base 3, what is 21 + -111211?
-111120
In base 7, what is -314 + 1?
-313
In base 2, what is 1110 - -100001?
101111
In base 15, what is 2 - -2e1?
2e3
In base 14, what is -123 - c?
-131
In base 8, what is 205 - -10?
215
In base 7, what is -4 + 2542?
2535
In base 15, what is 238 - 5?
233
In base 14, what is 51 - 4?
4b
In base 11, what is 7 - 101?
-a5
In base 15, what is 3 + -cc?
-c9
In base 10, what is 11 - 279?
-268
In base 2, what is 11000011 - 0?
11000011
In base 3, what is 1120 - -12?
1202
In base 14, what is 7 + -86?
-7d
In base 7, what is -6 - 5?
-14
In base 13, what is -72 + -3?
-75
In base 5, what is -33 + -3201?
-3234
In base 6, what is -525 + 30?
-455
In base 14, what is -2c + -b?
-39
In base 14, what is -1b - 3?
-20
In base 7, what is -10 + -11?
-21
In base 10, what is -151 + 4?
-147
In base 3, what is 1 + 1001?
1002
In base 8, what is 563 - 3?
560
In base 7, what is -34 - -212?
145
In base 11, what is -9 + -664?
-672
In base 15, what is 208 + 0?
208
In base 15, what is 3 + -2c?
-29
In base 14, what is 947 - 3?
944
In base 3, what is 2111 + -11?
2100
In base 8, what is 54 + -132?
-56
In base 10, what is 224 - 1?
223
In base 3, what is 10021000 + -12?
10020211
In base 15, what is 0 + -a?
-a
In base 9, what is 2 + -43?
-41
In base 10, what is 274 + 6?
280
In base 14, what is 2 - -27?
29
In base 4, what is 230 - 10?
220
In base 8, what is 5 - -1373?
1400
In base 3, what is 20 + -1101220?
-1101200
In base 10, what is -1682 - -3?
-1679
In base 16, what is 3 + -4e?
-4b
In base 13, what is -43 + 13?
-30
In base 13, what is 7429 + -2?
7427
In base 9, what is -830 - -1?
-828
In base 3, what is -20020200 + 1?
-20020122
In base 5, what is 10 + -1201?
-1141
In base 3, what is 0 - -120?
120
In base 14, what is d - 191?
-182
In base 11, what is a + a2?
101
In base 16, what is -15 + -ec?
-101
In base 12, what is 0 + -143?
-143
In base 4, what is 2003 + -1?
2002
In base 15, what is -38 - 5b?
-94
In base 3, what is -1 + 1021?
1020
In base 9, what is -8 - -23?
14
In base 12, what is b2b + 4?
b33
In base 2, what is 10 - 101100?
-101010
In base 13, what is -1 + 22?
21
In base 12, what is -273 - 1?
-274
In base 8, what is 2 + -14?
-12
In base 9, what is -521 - 0?
-521
In base 7, what is 36 + 14?
53
In base 10, what is 252 + -3?
249
In base 3, what is -110021 - -12?
-110002
In base 10, what is -205 - 14?
-219
In base 16, what is -8c + -5?
-91
In base 13, what is -1 - 156?
-157
In base 11, what is -189 + 2?
-187
In base 9, what is 564 - -6?
571
In base 12, what is 4 + -2a34?
-2a30
In base 12, what is -80 - -2?
-7a
In base 12, what is -81a - -1?
-819
In base 5, what is 0 - -11134?
11134
In base 5, what is -10 - -22?
12
In base 8, what is 3 + -635?
-632
In base 15, what is 30 + -1?
2e
In base 3, what is 1010002 - 10?
1002222
In base 2, what is 100 - 110100?
-110000
In base 8, what is -3 - 1144?
-1147
In base 10, what is -3606 + -3?
-3609
In base 14, what is 179 + a?
185
In base 9, what is -115 + -204?
-320
In base 5, what is -224 - -302?
23
In base 7, what is -5 - -3346?
3341
In base 8, what is 2 - -4?
6
In base 15, what is -25 - -6?
-1e
In base 7, what is -2 + -411?
-413
In base 3, what is -1020 - 1?
-1021
In base 7, what is -36 + 221?
152
In base 4, what is -203320 + 1?
-203313
In base 5, what is -1000 + 13?
-432
In base 15, what is -1b6 - 2?
-1b8
In base 13, what is -b - 2b7?
-2c5
In base 6, what is 133 + 5?
142
In base 10, what is 3353 - -4?
3357
In base 6, what is -10 + -2400?
-2410
In base 2, what is 10 - -1011010?
1011100
In base 3, what is -22221 + 21?
-22200
In base 16, what is 9 + -18?
-f
In base 13, what is 12 + 39?
4b
In base 15, what is -39 - -30?
-9
In base 14, what is -3 + -d?
-12
In base 10, what is 5 - -47?
52
In base 15, what is -2 + -21?
-23
In base 11, what is -819 - 2?
-820
In base 6, what is -105 + -233?
-342
In base 5, what is -2043404 + -4?
-2043413
In base 2, what is 101 + 10001?
10110
In base 13, what is -4 - -29?
25
In base 3, what is -101 - -21?
-10
In base 7, what is -3 + -340?
-343
In base 11, what is 0 - -a7?
a7
In base 9, what is -1767 - 4?
-1772
In base 11, what is -209 + 0?
-209
In base 13, what is 4 - -26?
2a
In base 14, what is 2 - d?
-b
In base 6, what is 1254 - 5?
1245
In base 9, what is -2 + -4605?
-4607
In base 12, what is -3 - 390?
-393
In base 16, what is 1 + -b4?
-b3
In base 8, what is -50 + -14?
-64
In base 4, what is -23 + -1002?
-1031
In base 13, what is -13c - a?
-149
In base 3, what is -110010101 - 0?
-110010101
In base 14, what is -6ad + -1?
-6b0
In base 14, what is 8a + -2?
88
In base 10, what is 1048 - -5?
1053
In base 13, what is -793 + 2?
-791
In base 6, what is -51 + 2?
-45
In base 10, what is 2 - -17?
19
In base 6, what is -23434 - 0?
-23434
In base 4, what is 10100 - -3?
10103
In base 12, what is a + 10?
1a
In base 6, what is 110312 + 1?
110313
In base 8, what is 1 - 51?
-50
In base 6, what is 3 + -104?
-101
In base 12, what is -1 + a?
9
In base 2, what is -111 - -10001000?
10000001
In base 7, what is -15162 - 3?
-15165
In base 7, what is 45 + 23?
101
In base 16, what is -5 - -42b?
426
In base 12, what is 8804 - -2?
8806
In base 11, what is -105 - 5?
-10a
In base 11, what is 2675 - 2?
2673
In base 14, what is -30 - 0?
-30
In base 14, what is 39 - 2?
37
In base 5, what is -3 + -14020?
-14023
In base 5, what is -3324 - 3?
-3332
In base 12, what is -bba - -a?
-bb0
In base 2, what is -111010111 + 111?
-111010000
In base 8, what is -35363 + 0?
-35363
In base 7, what is -13 - 163?
-206
In base 9, what is 182 + 5?
187
In base 12, what is 8 + -5?
3
In base 6, what is -3 + -112?
-115
In base 3, what is 11 - -10122?
10210
In base 5, what is 10014 + -22?
4442
In base 16, what is -16 - 395?
-3ab
In base 16, what is 151 + -6?
14b
In base 14, what is -cb + 2?
-c9
In base 10, what is 5 + 732?
737
In base 10, what is -1 + 82?
81
In base 16, what is -1 + -95?
-96
In base 2, what is 10110 - -10?
11000
In base 4, what is 20 - 23?
-3
In base 2, what is 1001 - 1011?
-10
In base 5, what is -144 - 2?
-201
In base 10, what is -2 - -160?
158
In base 13, what is -1 + 154?
153
In base 9, what is -16 + -77?
-104
In base 16, what is -d1 - -2?
-cf
In base 14, what is 0 - 29?
-29
In base 10, what is 280 + -14?
266
In base 5, what is -200 + 3?
-142
In base 4, what is 112 - 1123?
-1011
In base 7, what is 5 + -3003?
-2665
In base 10, what is -246 - 23?
-269
In base 10, what is 801 - -26?
827
In base 10, what is 5 - 1062?
-1057
In base 6, what is -21 - -2123?
2102
In base 3, what is 200 + -110202?
-110002
In base 6, what is 0 - -441?
441
In base 8, what is 2 - -3151?
3153
In base 3, what is -2110 - -12?
-2021
In base 14, what is 3 - 14b6?
-14b3
In base 6, what is -3 + 210?
203
In base 15, what is -75b + 0?
-75b
In base 14, what is 60 + 5?
65
In base 16, what is 0 + -83?
-83
In base 16, what is -2 + 2f4?
2f2
In base 5, what is 3 - -14244?
14302
In base 16, what is 23a + 5?
23f
In base 3, what is -121 - -120?
-1
In base 12, what is -a36 - 1?
-a37
In base 2, what is -101100110 + 101?
-101100001
In base 13, what is -5c3 - -3?
-5c0
In base 5, what is 44320 - 0?
44320
In base 7, what is -5 - 11?
-16
In base 14, what is -37 - d?
-46
In base 13, what is -1 - 92?
-93
In base 15, what is -2c1 - -4?
-2bc
In base 9, what is 316 - 13?
303
In base 10, what is 33 - 4?
29
In base 5, what is 2 - -3?
10
In base 2, what is 11010110 - -100?
11011010
In base 9, what is -2 + 2375?
2373
In base 3, what is 11 - -112012?
112100
In base 4, what is -11103 + 2?
-11101
In base 3, what is 12111 + 1?
12112
In base 14, what is -a57 - -4?
-a53
In base 11, what is 248 - -a?
257
In base 4, what is 210 + 0?
210
In base 5, what is 2 - -120?
122
In base 8, what is 141 + 175?
336
In base 11, what is 314 + -5?
30a
In base 2, what is -1100101111001 + -11?
-1100101111100
In base 9, what is 0 - 2168?
-2168
In base 4, what is -3131 - -11?
-3120
In base 7, what is -2 - -26?
24
In base 14, what is 26 + 2?
28
In base 14, what is -45 + 75?
30
In base 4, what is 1213 - 10321?
-3102
In base 9, what is -33 - 70?
-113
In base 4, what is 0 - -1001?
1001
In base 5, what is 2 + 3430?
3432
In base 16, what is -15 + -17?
-2c
I